4
What is the greatest common divisor of 5997 and 2845774401?
5997
What is the greatest common factor of 294 and 809774?
98
Calculate the highest common divisor of 77307 and 197319.
219
Calculate the highest common divisor of 3936164 and 902.
82
What is the greatest common factor of 369514 and 172114?
94
What is the greatest common divisor of 425000 and 6545?
85
Calculate the highest common divisor of 1617 and 321888.
21
What is the greatest common divisor of 1019389566 and 12948?
6474
Calculate the greatest common factor of 336428 and 42884.
604
What is the highest common divisor of 20314502 and 1898?
26
Calculate the highest common divisor of 37014948 and 314.
314
What is the greatest common factor of 4794973 and 18791?
817
What is the greatest common factor of 99821 and 73006?
173
What is the highest common factor of 2266 and 136818?
22
What is the highest common divisor of 5862088 and 292?
4
Calculate the highest common factor of 1497177 and 297.
297
What is the highest common factor of 1008 and 40106832?
48
What is the greatest common divisor of 9660626 and 1406?
1406
What is the greatest common factor of 12 and 416885748?
12
What is the highest common divisor of 10 and 716510?
10
What is the highest common factor of 38429560 and 28930?
2630
Calculate the highest common divisor of 9134103 and 60885.
1353
Calculate the highest common factor of 128 and 3109816.
8
Calculate the greatest common factor of 57480187 and 1687.
241
What is the highest common factor of 224543 and 173287?
149
Calculate the greatest common divisor of 125 and 5366775.
25
What is the highest common factor of 48 and 281147448?
24
Calculate the greatest common divisor of 32007177 and 1431.
1431
What is the highest common divisor of 515009740 and 1308?
436
What is the greatest common factor of 10247482 and 14?
14
What is the greatest common divisor of 31356 and 466542?
18
What is the greatest common factor of 2430 and 852714?
54
What is the highest common factor of 39817498 and 1372?
686
Calculate the greatest common divisor of 25902 and 313074.
18
Calculate the highest common divisor of 9579778 and 663.
13
What is the greatest common divisor of 39 and 1245323391?
39
What is the highest common factor of 8800 and 11325760?
160
What is the highest common factor of 227130825 and 13275?
4425
What is the greatest common divisor of 24 and 17728632?
24
Calculate the highest common factor of 1718125612 and 28.
28
Calculate the highest common divisor of 745728 and 34272.
96
Calculate the greatest common factor of 70 and 1250611376.
14
What is the highest common factor of 1548 and 135075728?
172
What is the greatest common divisor of 3204985 and 343?
7
Calculate the highest common factor of 429 and 98941843.
143
What is the highest common divisor of 1835 and 751530856?
367
What is the highest common divisor of 232825 and 5450?
25
Calculate the greatest common divisor of 1210 and 155989449.
121
What is the highest common factor of 54150 and 4830075?
75
What is the greatest common factor of 16031444 and 12727?
143
What is the greatest common factor of 59222958 and 279?
93
Calculate the highest common factor of 289367502 and 12156.
6078
What is the greatest common factor of 238580 and 50560?
1580
What is the greatest common factor of 233912545 and 10?
5
What is the highest common factor of 128 and 250842496?
128
What is the greatest common factor of 16 and 39523?
1
What is the highest common divisor of 25092 and 47735316?
1476
Calculate the highest common divisor of 4502 and 775719361.
2251
What is the highest common divisor of 168864 and 53120?
32
Calculate the highest common factor of 19411883 and 14681.
277
What is the highest common divisor of 164 and 3368273?
41
What is the highest common divisor of 154391810 and 20?
10
Calculate the greatest common factor of 430201 and 212.
53
What is the highest common divisor of 29875 and 1701680?
1195
What is the greatest common factor of 294722881 and 1021?
1021
Calculate the greatest common factor of 38647032 and 384.
24
Calculate the greatest common factor of 700264 and 31436.
1084
Calculate the greatest common divisor of 531949656 and 24.
24
What is the greatest common factor of 13104 and 40434576?
4368
What is the highest common factor of 912945 and 1815?
1815
Calculate the highest common factor of 3531 and 2431264.
11
Calculate the greatest common divisor of 59745 and 7526163.
1707
Calculate the greatest common factor of 49413521 and 6022.
3011
Calculate the greatest common divisor of 940 and 56995490.
470
What is the highest common divisor of 125477 and 199529?
2057
What is the highest common divisor of 25678920 and 480?
120
What is the highest common divisor of 11772 and 231642876?
1308
Calculate the greatest common factor of 17258284 and 1.
1
What is the greatest common factor of 31325944 and 16?
8
Calculate the highest common factor of 337557846 and 1992.
498
What is the highest common divisor of 89170192 and 1216?
304
Calculate the greatest common factor of 929070 and 15190.
310
What is the greatest common factor of 13330 and 24729940?
310
Calculate the greatest common divisor of 8105654 and 4848.
202
Calculate the highest common divisor of 24025 and 21220802.
961
Calculate the highest common factor of 19316 and 1967988.
44
What is the greatest common divisor of 58192281 and 63?
63
Calculate the greatest common divisor of 1138827 and 2085.
417
Calculate the greatest common factor of 9830840 and 140.
20
What is the greatest common divisor of 433496 and 36400?
56
What is the greatest common factor of 66758625 and 25?
25
Calculate the greatest common factor of 25169790 and 30.
30
Calculate the highest common factor of 10706345 and 3536.
221
Calculate the highest common factor of 188057 and 2487001.
2113
Calculate the highest common divisor of 751493 and 5.
1
Calculate the highest common factor of 13112752 and 15128.
248
Calculate the greatest common factor of 19505 and 25315.
415
What is the highest common factor of 1755 and 39608028?
27
Calculate the highest common divisor of 1770 and 703398.
354
What is the highest common factor of 2993 and 14243441?
41
What is the greatest common factor of 387933627 and 202?
101
What is the greatest common divisor of 3570 and 453285?
105
What is the highest common factor of 10794 and 160123593?
5397
Calculate the highest common factor of 420287211 and 207.
207
Calculate the highest common divisor of 391 and 29555046.
23
Calculate the greatest common factor of 170140 and 185580.
20
What is the greatest common factor of 106 and 2245693634?
106
What is the greatest common factor of 25 and 52224900?
25
Calculate the highest common factor of 115360530 and 300.
30
What is the greatest common factor of 392061 and 24?
3
What is the highest common factor of 1602 and 6249402?
1602
Calculate the greatest common divisor of 88446528 and 129.
129
Calculate the greatest common factor of 124 and 288065702.
62
What is the greatest common divisor of 91250 and 22411?
73
What is the highest common factor of 38419140 and 247476?
6036
What is the greatest common divisor of 31336195 and 3875?
155
Calculate the greatest common factor of 4693550 and 20.
10
What is the greatest common divisor of 614024557 and 53?
53
Calculate the greatest common factor of 8835 and 1381391.
31
Calculate the highest common factor of 3645 and 21962097.
243
What is the highest common factor of 31470042 and 342?
114
Calculate the highest common divisor of 9189722 and 8366.
94
Calculate the greatest common divisor of 7252 and 2924369.
1813
What is the greatest common factor of 14912 and 714844?
932
Calculate the highest common divisor of 133 and 70252.
7
Calculate the greatest common factor of 24558125 and 625.
625
Calculate the highest common factor of 3165 and 235800.
15
What is the highest common divisor of 42337221 and 249?
249
Calculate the greatest common factor of 203346 and 281714.
158
Calculate the greatest common factor of 7018261 and 2.
1
What is the greatest common divisor of 975 and 861510?
195
What is the highest common divisor of 931 and 5810371?
931
Calculate the greatest common divisor of 321299526 and 43.
43
Calculate the highest common factor of 89135923 and 111.
37
What is the greatest common divisor of 704 and 1623744?
6